{"id":1832,"date":"2022-06-08T05:32:32","date_gmt":"2022-06-08T05:32:32","guid":{"rendered":"https:\/\/www.grelldenker.ch\/?page_id=1832"},"modified":"2023-02-21T10:10:44","modified_gmt":"2023-02-21T10:10:44","slug":"jobs","status":"publish","type":"page","link":"https:\/\/portfolio-grelldenker.nachhaltig-sichtbar.ch\/?page_id=1832","title":{"rendered":"Jobs"},"content":{"rendered":"<h1>Offene Jobs<\/h1>\n<div>\n<h3>Praktikum \u00abContent Creation &#038; Content Management\u00bb (neugierige Nachwuchs-Talente)<\/h3>\n<p><a href=\"https:\/\/www.grelldenker.ch\/grelldenker-stag\/wp-content\/uploads\/220926_Stellenausschreibung_Praktikum_PDF.pdf\">Mehr erfahren<\/a><\/p>\n<\/div>\n<div>\n<h3>Spontanbewerbung (wir lassen uns \u00fcberraschen)<\/h3>\n<p><a href=\"mailto:hallo@grelldenker.ch\">Jetzt bewerben<\/a><\/p>\n<\/div>\n<div>\n<p>        <img decoding=\"async\" src=\"\/wp-content\/uploads\/Jobs-Grelli-lange.gif\" alt=\"Grelli\"><\/p>\n<p><a href=\"http:\/\/instagram.com\/reel\/CejCSRWqpwM\/\">Hi, ich bin Grelli<\/a><\/p>\n<\/div>\n<div>\n<div>\n<h1 class=\"uk-visible@l\">Offene Jobs<\/h1>\n<p>Wir brennen f\u00fcr Kreativit\u00e4t und setzen Unternehmen ins richtige Licht\ud83d\udca1<\/p>\n<p>Als kreative Digital-Spezialistinnen und -Spezialisten leben wir unsere Leidenschaft f\u00fcr die unterschiedlichen Bereiche in der digitalen Welt tagt\u00e4glich aus:<\/p>\n<ul>\n<li>Kreative Ideen und handfeste Strategien entwickeln<\/li>\n<li>Zeitgem\u00e4sse Websites gestalten und optimal ausspielen<\/li>\n<li>Zielgruppengerechte und SEO-konforme Texte kreieren<\/li>\n<li>Unterhaltsame Videos produzieren und distribuieren<\/li>\n<li>Social Media Management (Facebook, Instagram, LinkedIn, TikTok und YouTube Shorts)<\/li>\n<li>Kreation \u2013 vom Logo bis zur Einladung oder zum Plakat (Crossmedia)<\/li>\n<li>Analysieren und optimieren (besser geht immer!)<\/li>\n<li>Individuelle W\u00fcnsche erf\u00fcllen: Programmieren<\/li>\n<\/ul>\n<ul><\/ul>\n<p>\u2013 jedem Grelldenker-Teammitglied sein Lieblingsgebiet!<\/p>\n<p>Wir sind immer offen f\u00fcr neue Talente, die genauso f\u00fcrs World Wide Web und seine (fast) unendlichen M\u00f6glichkeiten brennen wie wir. Bei uns z\u00e4hlt deine Begeisterung, dein Know-how und deine Wissbegierde \u2013 Hierarchien, starre Strukturen und Engstirnigkeit m\u00f6gen wir hingegen gar nicht.<\/p>\n<p>Der kollegiale Austausch und die Zusammenarbeit in unserem kleinen, feinen Team sind uns sehr wichtig und das sollten sie auch f\u00fcr dich sein. Trotzdem arbeiten wir sehr selbst\u00e4ndig auf unserem jeweiligen Spezialgebiet. Deshalb sind wir teilweise auch remote unterwegs.<\/p>\n<p>Bist du also auf der Suche nach einer Digitalagentur, die mit viel Herzblut und Engagement jeden Tag f\u00fcr ihre Kundinnen und Kunden ihr Bestes gibt und liebt, was sie tut \u00ad\u00ad\u2013 dann bist du vielleicht genau der Match, den wir suchen \ud83d\ude0a<\/p>\n<div class=\"uk-flex-middle uk-grid-small uk-child-width-auto uk-grid\" uk-grid=\"\">\n<div class=\"el-item uk-first-column\"><a class=\"el-content uk-flex-inline uk-flex-center uk-flex-middle\" title=\"E-Mail\" href=\"mailto:hallo@grelldenker.ch\"> <span class=\"uk-margin-small-right uk-icon\" uk-icon=\"mail\"><svg width=\"20\" height=\"20\" viewbox=\"0 0 20 20\" xmlns=\"http:\/\/www.w3.org\/2000\/svg\"><polyline fill=\"none\" stroke=\"#000\" points=\"1.4,6.5 10,11 18.6,6.5\"><\/polyline><path d=\"M 1,4 1,16 19,16 19,4 1,4 Z M 18,15 2,15 2,5 18,5 18,15 Z\"><\/path><\/svg><\/span> hallo@grelldenker.ch <\/a><\/div>\n<div class=\"el-item\"><a class=\"el-content uk-flex-inline uk-flex-center uk-flex-middle\" title=\"Telefon\" href=\"tel:+41313430143\"> <span class=\"uk-margin-small-right uk-icon\" uk-icon=\"receiver\"><svg width=\"20\" height=\"20\" viewbox=\"0 0 20 20\" xmlns=\"http:\/\/www.w3.org\/2000\/svg\"><path fill=\"none\" stroke=\"#000\" stroke-width=\"1.01\" d=\"M6.189,13.611C8.134,15.525 11.097,18.239 13.867,18.257C16.47,18.275 18.2,16.241 18.2,16.241L14.509,12.551L11.539,13.639L6.189,8.29L7.313,5.355L3.76,1.8C3.76,1.8 1.732,3.537 1.7,6.092C1.667,8.809 4.347,11.738 6.189,13.611\"><\/path><\/svg><\/span> +41 31 343 01 43 <\/a><\/div>\n<\/div>\n<div class=\"uk-flex-middle uk-grid-small uk-child-width-auto uk-grid\" uk-grid=\"\"><\/div>\n<\/p>\n<\/div>\n<\/div>\n<p><!--more--><br \/>\n<!-- {\"type\":\"layout\",\"children\":[{\"type\":\"section\",\"props\":{\"style\":\"default\",\"width\":\"large\",\"vertical_align\":\"middle\",\"title_position\":\"top-left\",\"title_rotation\":\"left\",\"title_breakpoint\":\"xl\",\"image_position\":\"center-center\",\"height\":\"expand\"},\"children\":[{\"type\":\"row\",\"props\":{\"layout\":\"1-2,1-2\",\"column_gap\":\"medium\",\"match\":true,\"row_gap\":\"small\"},\"children\":[{\"type\":\"column\",\"props\":{\"image_position\":\"center-center\",\"media_overlay_gradient\":\"\",\"width_medium\":\"1-2\",\"padding\":\"xsmall\",\"position_sticky_breakpoint\":\"m\"},\"children\":[{\"type\":\"headline\",\"props\":{\"title_element\":\"h1\",\"content\":\"Offene Jobs\",\"visibility\":\"hidden-l\"}},{\"type\":\"panel\",\"props\":{\"link_text\":\"Mehr erfahren\",\"title_hover_style\":\"reset\",\"title_element\":\"h3\",\"title_align\":\"top\",\"title_grid_width\":\"1-2\",\"title_grid_breakpoint\":\"m\",\"meta_style\":\"meta\",\"meta_align\":\"below-title\",\"meta_element\":\"div\",\"content_column_breakpoint\":\"m\",\"icon_width\":80,\"image_align\":\"top\",\"image_grid_width\":\"1-2\",\"image_grid_breakpoint\":\"m\",\"image_svg_color\":\"emphasis\",\"link_style\":\"text\",\"margin\":\"default\",\"panel_style\":\"tile-muted\",\"panel_padding\":\"small\",\"title\":\"Praktikum \\u00abContent Creation & Content Management\\u00bb (neugierige Nachwuchs-Talente)\",\"link\":\"https:\\\/\\\/www.grelldenker.ch\\\/grelldenker-stag\\\/wp-content\\\/uploads\\\/220926_Stellenausschreibung_Praktikum_PDF.pdf\",\"maxwidth\":\"medium\",\"link_target\":true,\"content\":\"\",\"maxwidth_breakpoint\":\"l\",\"status\":\"\"}},{\"type\":\"panel\",\"props\":{\"link_text\":\"Mehr erfahren\",\"title_hover_style\":\"reset\",\"title_element\":\"h3\",\"title_align\":\"top\",\"title_grid_width\":\"1-2\",\"title_grid_breakpoint\":\"m\",\"meta_style\":\"meta\",\"meta_align\":\"below-title\",\"meta_element\":\"div\",\"content_column_breakpoint\":\"m\",\"icon_width\":80,\"image_align\":\"top\",\"image_grid_width\":\"1-2\",\"image_grid_breakpoint\":\"m\",\"image_svg_color\":\"emphasis\",\"link_style\":\"text\",\"margin\":\"default\",\"panel_style\":\"tile-muted\",\"panel_padding\":\"small\",\"title\":\"Web-Entwicklung (wahre Programmier-Nerds)\",\"link\":\"wp-content\\\/uploads\\\/220414_Stellenausschreibung_Web-Entwickler-in_PDF.pdf\",\"maxwidth\":\"medium\",\"link_target\":true,\"maxwidth_breakpoint\":\"l\",\"status\":\"disabled\"}},{\"type\":\"panel\",\"props\":{\"link_text\":\"Mehr erfahren\",\"title_hover_style\":\"reset\",\"title_element\":\"h3\",\"title_align\":\"top\",\"title_grid_width\":\"1-2\",\"title_grid_breakpoint\":\"m\",\"meta_style\":\"meta\",\"meta_align\":\"below-title\",\"meta_element\":\"div\",\"content_column_breakpoint\":\"m\",\"icon_width\":80,\"image_align\":\"top\",\"image_grid_width\":\"1-2\",\"image_grid_breakpoint\":\"m\",\"image_svg_color\":\"emphasis\",\"link_style\":\"text\",\"margin\":\"default\",\"panel_style\":\"tile-muted\",\"panel_padding\":\"small\",\"title\":\"Web\\\/CMS Entwicklung (wahre Tech-Nerds)\",\"link\":\"wp-content\\\/uploads\\\/220414_Stellenausschreibung_Web_CMS_Entwicklerin-in.pdf\",\"maxwidth\":\"medium\",\"link_target\":true,\"maxwidth_breakpoint\":\"l\",\"status\":\"disabled\"}},{\"type\":\"panel\",\"props\":{\"link_text\":\"Jetzt bewerben\",\"title_hover_style\":\"reset\",\"title_element\":\"h3\",\"title_align\":\"top\",\"title_grid_width\":\"1-2\",\"title_grid_breakpoint\":\"m\",\"meta_style\":\"meta\",\"meta_align\":\"below-title\",\"meta_element\":\"div\",\"content_column_breakpoint\":\"m\",\"icon_width\":80,\"image_align\":\"top\",\"image_grid_width\":\"1-2\",\"image_grid_breakpoint\":\"m\",\"image_svg_color\":\"emphasis\",\"link_style\":\"text\",\"margin\":\"default\",\"panel_style\":\"tile-muted\",\"panel_padding\":\"small\",\"title\":\"Spontanbewerbung (wir lassen uns \\u00fcberraschen)\",\"link\":\"mailto:hallo@grelldenker.ch\",\"maxwidth\":\"medium\",\"link_target\":true,\"maxwidth_breakpoint\":\"l\"}},{\"type\":\"panel\",\"props\":{\"link_text\":\"Mehr erfahren\",\"title_hover_style\":\"reset\",\"title_element\":\"h3\",\"title_align\":\"top\",\"title_grid_width\":\"1-2\",\"title_grid_breakpoint\":\"m\",\"meta_style\":\"meta\",\"meta_align\":\"below-title\",\"meta_element\":\"div\",\"content_column_breakpoint\":\"m\",\"icon_width\":80,\"image_align\":\"top\",\"image_grid_width\":\"1-2\",\"image_grid_breakpoint\":\"m\",\"image_svg_color\":\"emphasis\",\"link_style\":\"text\",\"margin\":\"default\",\"panel_style\":\"tile-muted\",\"panel_padding\":\"small\",\"title\":\"Social-Media-Management \\\/ Textkreation (echte Text-Verliebte)\",\"link\":\"wp-content\\\/uploads\\\/Stellenausschreibung_Texterin_Social-Media-Managerin_Sept-2022.pdf\",\"maxwidth\":\"medium\",\"link_target\":true,\"content\":\"\",\"maxwidth_breakpoint\":\"l\",\"status\":\"disabled\"}},{\"type\":\"panel\",\"props\":{\"link_text\":\"Hi, ich bin Grelli\",\"title_hover_style\":\"reset\",\"title_element\":\"h3\",\"title_align\":\"top\",\"title_grid_width\":\"1-2\",\"title_grid_breakpoint\":\"m\",\"meta_style\":\"meta\",\"meta_align\":\"below-title\",\"meta_element\":\"div\",\"content_column_breakpoint\":\"m\",\"icon_width\":80,\"image_align\":\"top\",\"image_grid_width\":\"1-2\",\"image_grid_breakpoint\":\"m\",\"image_svg_color\":\"emphasis\",\"link_style\":\"text\",\"margin\":\"default\",\"image\":\"wp-content\\\/uploads\\\/Jobs-Grelli-lange.gif\",\"image_width\":\"150\",\"image_alt\":\"Grelli\",\"link\":\"http:\\\/\\\/instagram.com\\\/reel\\\/CejCSRWqpwM\\\/\",\"image_link\":true,\"visibility\":\"m\",\"animation\":\"scale-up\",\"text_align\":\"left\",\"css\":\".el-image{\\n\\tmax-width:200px;\\n    position:relative;\\n    left:0px;\\n}\\n\\n.el-link {\\n left:40px;   \\n}\\n\\n.el-element {\\n top: -30px;   \\n}\",\"link_target\":true}}]},{\"type\":\"column\",\"props\":{\"image_position\":\"center-center\",\"media_overlay_gradient\":\"\",\"width_medium\":\"1-2\",\"padding\":\"small\",\"class\":\"\",\"id\":\"services\",\"position_sticky_breakpoint\":\"m\",\"order_first\":\"l\"},\"children\":[{\"type\":\"panel\",\"props\":{\"link_text\":\"Read more\",\"title_hover_style\":\"reset\",\"title_element\":\"h1\",\"title_align\":\"top\",\"title_grid_width\":\"1-2\",\"title_grid_breakpoint\":\"m\",\"meta_style\":\"meta\",\"meta_align\":\"below-title\",\"meta_element\":\"div\",\"content_column_breakpoint\":\"m\",\"icon_width\":80,\"image_align\":\"top\",\"image_grid_width\":\"1-2\",\"image_grid_breakpoint\":\"m\",\"image_svg_color\":\"emphasis\",\"link_style\":\"default\",\"margin\":\"default\",\"content\":\"\n\n<h1 class=\\\"uk-visible@l\\\">Offene Jobs<\\\/h1>\\n\n\n<p>Wir brennen f\\u00fcr Kreativit\\u00e4t und setzen Unternehmen ins richtige Licht\\ud83d\\udca1<\\\/p>\\n\n\n<p>Als kreative Digital-Spezialistinnen und -Spezialisten leben wir unsere Leidenschaft f\\u00fcr die unterschiedlichen Bereiche in der digitalen Welt tagt\\u00e4glich aus:<\\\/p>\\n\n\n<ul>\\n\n\n<li>Kreative Ideen und handfeste Strategien entwickeln<\\\/li>\\n\n\n<li>Zeitgem\\u00e4sse Websites gestalten und optimal ausspielen<\\\/li>\\n\n\n<li>Zielgruppengerechte und SEO-konforme Texte kreieren<\\\/li>\\n\n\n<li>Unterhaltsame Videos produzieren und distribuieren<\\\/li>\\n\n\n<li>Social Media Management (Facebook, Instagram, LinkedIn, TikTok und YouTube Shorts)<\\\/li>\\n\n\n<li>Kreation \\u2013 vom Logo bis zur Einladung oder zum Plakat (Crossmedia)<\\\/li>\\n\n\n<li>Analysieren und optimieren (besser geht immer!)<\\\/li>\\n\n\n<li>Individuelle W\\u00fcnsche erf\\u00fcllen: Programmieren<\\\/li>\\n<\\\/ul>\\n\n\n<ul><\\\/ul>\\n\n\n<p>\\u2013 jedem Grelldenker-Teammitglied sein Lieblingsgebiet!<\\\/p>\\n\n\n<p>Wir sind immer offen f\\u00fcr neue Talente, die genauso f\\u00fcrs World Wide Web und seine (fast) unendlichen M\\u00f6glichkeiten brennen wie wir. Bei uns z\\u00e4hlt deine Begeisterung, dein Know-how und deine Wissbegierde \\u2013 Hierarchien, starre Strukturen und Engstirnigkeit m\\u00f6gen wir hingegen gar nicht.<\\\/p>\\n\n\n<p>Der kollegiale Austausch und die Zusammenarbeit in unserem kleinen, feinen Team sind uns sehr wichtig und das sollten sie auch f\\u00fcr dich sein. Trotzdem arbeiten wir sehr selbst\\u00e4ndig auf unserem jeweiligen Spezialgebiet. Deshalb sind wir teilweise auch remote unterwegs.<\\\/p>\\n\n\n<p>Bist du also auf der Suche nach einer Digitalagentur, die mit viel Herzblut und Engagement jeden Tag f\\u00fcr ihre Kundinnen und Kunden ihr Bestes gibt und liebt, was sie tut \\u00ad\\u00ad\\u2013 dann bist du vielleicht genau der Match, den wir suchen \\ud83d\\ude0a<br \\\/><br \\\/><\\\/p>\\n\n\n<div class=\\\"uk-flex-middle uk-grid-small uk-child-width-auto uk-grid\\\" uk-grid=\\\"\\\">\\n\n\n<div class=\\\"el-item uk-first-column\\\"><a class=\\\"el-content uk-flex-inline uk-flex-center uk-flex-middle\\\" title=\\\"E-Mail\\\" href=\\\"mailto:hallo@grelldenker.ch\\\"> <span class=\\\"uk-margin-small-right uk-icon\\\" uk-icon=\\\"mail\\\"><svg width=\\\"20\\\" height=\\\"20\\\" viewbox=\\\"0 0 20 20\\\" xmlns=\\\"http:\\\/\\\/www.w3.org\\\/2000\\\/svg\\\"><polyline fill=\\\"none\\\" stroke=\\\"#000\\\" points=\\\"1.4,6.5 10,11 18.6,6.5\\\"><\\\/polyline><path d=\\\"M 1,4 1,16 19,16 19,4 1,4 Z M 18,15 2,15 2,5 18,5 18,15 Z\\\"><\\\/path><\\\/svg><\\\/span> hallo@grelldenker.ch <\\\/a><\\\/div>\\n\n\n<div class=\\\"el-item\\\"><a class=\\\"el-content uk-flex-inline uk-flex-center uk-flex-middle\\\" title=\\\"Telefon\\\" href=\\\"tel:+41313430143\\\"> <span class=\\\"uk-margin-small-right uk-icon\\\" uk-icon=\\\"receiver\\\"><svg width=\\\"20\\\" height=\\\"20\\\" viewbox=\\\"0 0 20 20\\\" xmlns=\\\"http:\\\/\\\/www.w3.org\\\/2000\\\/svg\\\"><path fill=\\\"none\\\" stroke=\\\"#000\\\" stroke-width=\\\"1.01\\\" d=\\\"M6.189,13.611C8.134,15.525 11.097,18.239 13.867,18.257C16.47,18.275 18.2,16.241 18.2,16.241L14.509,12.551L11.539,13.639L6.189,8.29L7.313,5.355L3.76,1.8C3.76,1.8 1.732,3.537 1.7,6.092C1.667,8.809 4.347,11.738 6.189,13.611\\\"><\\\/path><\\\/svg><\\\/span> +41 31 343 01 43 <\\\/a><\\\/div>\\n<\\\/div>\\n\n\n<p><\\\/p>\\n\n\n<div class=\\\"uk-flex-middle uk-grid-small uk-child-width-auto uk-grid\\\" uk-grid=\\\"\\\"><\\\/div>\\n\n\n<p><\\\/p>\",\"title\":\"\",\"panel_style\":\"card-primary\",\"title_style\":\"h1\",\"panel_padding\":\"small\"}}]}]}],\"name\":\"Layout Leistungen\"}],\"version\":\"2.7.22\"} --><\/p>\n","protected":false},"excerpt":{"rendered":"<p>Offene Jobs Praktikum \u00abContent Creation &#038; Content Management\u00bb (neugierige Nachwuchs-Talente) Mehr erfahren Spontanbewerbung (wir lassen uns \u00fcberraschen) Jetzt bewerben Hi, ich bin Grelli Offene Jobs Wir brennen f\u00fcr Kreativit\u00e4t und setzen Unternehmen ins richtige Licht\ud83d\udca1 Als kreative Digital-Spezialistinnen und -Spezialisten leben wir unsere Leidenschaft f\u00fcr die unterschiedlichen Bereiche in der digitalen Welt tagt\u00e4glich aus: Kreative [&hellip;]<\/p>\n","protected":false},"author":4,"featured_media":0,"parent":0,"menu_order":0,"comment_status":"closed","ping_status":"closed","template":"","meta":{"_acf_changed":false,"footnotes":""},"class_list":["post-1832","page","type-page","status-publish","hentry"],"acf":[],"yoast_head":"<!-- This site is optimized with the Yoast SEO plugin v25.3 - https:\/\/yoast.com\/wordpress\/plugins\/seo\/ -->\n<title>Jobs | Grelldenker<\/title>\n<meta name=\"description\" content=\"Lust auf eine neue Herausforderungen? Hier sind alle Vakanzen aufgef\u00fchrt. Spontanbewerbungen sind jederzeit willkommen!\" \/>\n<meta name=\"robots\" content=\"noindex, follow, max-snippet:-1, max-image-preview:large, max-video-preview:-1\" \/>\n<meta property=\"og:locale\" content=\"de_DE\" \/>\n<meta property=\"og:type\" content=\"article\" \/>\n<meta property=\"og:title\" content=\"Jobs | Grelldenker\" \/>\n<meta property=\"og:description\" content=\"Lust auf eine neue Herausforderungen? Hier sind alle Vakanzen aufgef\u00fchrt. Spontanbewerbungen sind jederzeit willkommen!\" \/>\n<meta property=\"og:url\" content=\"https:\/\/portfolio-grelldenker.nachhaltig-sichtbar.ch\/?page_id=1832\" \/>\n<meta property=\"og:site_name\" content=\"Grelldenker\" \/>\n<meta property=\"article:publisher\" content=\"https:\/\/www.facebook.com\/grelldenker\" \/>\n<meta property=\"article:modified_time\" content=\"2023-02-21T10:10:44+00:00\" \/>\n<meta name=\"twitter:card\" content=\"summary_large_image\" \/>\n<script type=\"application\/ld+json\" class=\"yoast-schema-graph\">{\"@context\":\"https:\/\/schema.org\",\"@graph\":[{\"@type\":\"WebPage\",\"@id\":\"https:\/\/portfolio-grelldenker.nachhaltig-sichtbar.ch\/?page_id=1832\",\"url\":\"https:\/\/portfolio-grelldenker.nachhaltig-sichtbar.ch\/?page_id=1832\",\"name\":\"Jobs | Grelldenker\",\"isPartOf\":{\"@id\":\"https:\/\/portfolio-grelldenker.nachhaltig-sichtbar.ch\/#website\"},\"datePublished\":\"2022-06-08T05:32:32+00:00\",\"dateModified\":\"2023-02-21T10:10:44+00:00\",\"description\":\"Lust auf eine neue Herausforderungen? Hier sind alle Vakanzen aufgef\u00fchrt. Spontanbewerbungen sind jederzeit willkommen!\",\"breadcrumb\":{\"@id\":\"https:\/\/portfolio-grelldenker.nachhaltig-sichtbar.ch\/?page_id=1832#breadcrumb\"},\"inLanguage\":\"de-CH\",\"potentialAction\":[{\"@type\":\"ReadAction\",\"target\":[\"https:\/\/portfolio-grelldenker.nachhaltig-sichtbar.ch\/?page_id=1832\"]}]},{\"@type\":\"BreadcrumbList\",\"@id\":\"https:\/\/portfolio-grelldenker.nachhaltig-sichtbar.ch\/?page_id=1832#breadcrumb\",\"itemListElement\":[{\"@type\":\"ListItem\",\"position\":1,\"name\":\"Home\",\"item\":\"https:\/\/portfolio-grelldenker.nachhaltig-sichtbar.ch\/\"},{\"@type\":\"ListItem\",\"position\":2,\"name\":\"Jobs\"}]},{\"@type\":\"WebSite\",\"@id\":\"https:\/\/portfolio-grelldenker.nachhaltig-sichtbar.ch\/#website\",\"url\":\"https:\/\/portfolio-grelldenker.nachhaltig-sichtbar.ch\/\",\"name\":\"Grelldenker\",\"description\":\"die kreative Digitalagentur\",\"publisher\":{\"@id\":\"https:\/\/portfolio-grelldenker.nachhaltig-sichtbar.ch\/#organization\"},\"potentialAction\":[{\"@type\":\"SearchAction\",\"target\":{\"@type\":\"EntryPoint\",\"urlTemplate\":\"https:\/\/portfolio-grelldenker.nachhaltig-sichtbar.ch\/?s={search_term_string}\"},\"query-input\":{\"@type\":\"PropertyValueSpecification\",\"valueRequired\":true,\"valueName\":\"search_term_string\"}}],\"inLanguage\":\"de-CH\"},{\"@type\":\"Organization\",\"@id\":\"https:\/\/portfolio-grelldenker.nachhaltig-sichtbar.ch\/#organization\",\"name\":\"Grelldenker\",\"url\":\"https:\/\/portfolio-grelldenker.nachhaltig-sichtbar.ch\/\",\"logo\":{\"@type\":\"ImageObject\",\"inLanguage\":\"de-CH\",\"@id\":\"https:\/\/portfolio-grelldenker.nachhaltig-sichtbar.ch\/#\/schema\/logo\/image\/\",\"url\":\"https:\/\/www.grelldenker.ch\/grelldenker-stag\/wp-content\/uploads\/title.svg\",\"contentUrl\":\"https:\/\/www.grelldenker.ch\/grelldenker-stag\/wp-content\/uploads\/title.svg\",\"width\":1,\"height\":1,\"caption\":\"Grelldenker\"},\"image\":{\"@id\":\"https:\/\/portfolio-grelldenker.nachhaltig-sichtbar.ch\/#\/schema\/logo\/image\/\"},\"sameAs\":[\"https:\/\/www.facebook.com\/grelldenker\",\"https:\/\/www.instagram.com\/grelldenker\/\",\"https:\/\/www.linkedin.com\/company\/grelldenker\/\"]}]}<\/script>\n<!-- \/ Yoast SEO plugin. -->","yoast_head_json":{"title":"Jobs | Grelldenker","description":"Lust auf eine neue Herausforderungen? Hier sind alle Vakanzen aufgef\u00fchrt. Spontanbewerbungen sind jederzeit willkommen!","robots":{"index":"noindex","follow":"follow","max-snippet":"max-snippet:-1","max-image-preview":"max-image-preview:large","max-video-preview":"max-video-preview:-1"},"og_locale":"de_DE","og_type":"article","og_title":"Jobs | Grelldenker","og_description":"Lust auf eine neue Herausforderungen? Hier sind alle Vakanzen aufgef\u00fchrt. Spontanbewerbungen sind jederzeit willkommen!","og_url":"https:\/\/portfolio-grelldenker.nachhaltig-sichtbar.ch\/?page_id=1832","og_site_name":"Grelldenker","article_publisher":"https:\/\/www.facebook.com\/grelldenker","article_modified_time":"2023-02-21T10:10:44+00:00","twitter_card":"summary_large_image","schema":{"@context":"https:\/\/schema.org","@graph":[{"@type":"WebPage","@id":"https:\/\/portfolio-grelldenker.nachhaltig-sichtbar.ch\/?page_id=1832","url":"https:\/\/portfolio-grelldenker.nachhaltig-sichtbar.ch\/?page_id=1832","name":"Jobs | Grelldenker","isPartOf":{"@id":"https:\/\/portfolio-grelldenker.nachhaltig-sichtbar.ch\/#website"},"datePublished":"2022-06-08T05:32:32+00:00","dateModified":"2023-02-21T10:10:44+00:00","description":"Lust auf eine neue Herausforderungen? Hier sind alle Vakanzen aufgef\u00fchrt. Spontanbewerbungen sind jederzeit willkommen!","breadcrumb":{"@id":"https:\/\/portfolio-grelldenker.nachhaltig-sichtbar.ch\/?page_id=1832#breadcrumb"},"inLanguage":"de-CH","potentialAction":[{"@type":"ReadAction","target":["https:\/\/portfolio-grelldenker.nachhaltig-sichtbar.ch\/?page_id=1832"]}]},{"@type":"BreadcrumbList","@id":"https:\/\/portfolio-grelldenker.nachhaltig-sichtbar.ch\/?page_id=1832#breadcrumb","itemListElement":[{"@type":"ListItem","position":1,"name":"Home","item":"https:\/\/portfolio-grelldenker.nachhaltig-sichtbar.ch\/"},{"@type":"ListItem","position":2,"name":"Jobs"}]},{"@type":"WebSite","@id":"https:\/\/portfolio-grelldenker.nachhaltig-sichtbar.ch\/#website","url":"https:\/\/portfolio-grelldenker.nachhaltig-sichtbar.ch\/","name":"Grelldenker","description":"die kreative Digitalagentur","publisher":{"@id":"https:\/\/portfolio-grelldenker.nachhaltig-sichtbar.ch\/#organization"},"potentialAction":[{"@type":"SearchAction","target":{"@type":"EntryPoint","urlTemplate":"https:\/\/portfolio-grelldenker.nachhaltig-sichtbar.ch\/?s={search_term_string}"},"query-input":{"@type":"PropertyValueSpecification","valueRequired":true,"valueName":"search_term_string"}}],"inLanguage":"de-CH"},{"@type":"Organization","@id":"https:\/\/portfolio-grelldenker.nachhaltig-sichtbar.ch\/#organization","name":"Grelldenker","url":"https:\/\/portfolio-grelldenker.nachhaltig-sichtbar.ch\/","logo":{"@type":"ImageObject","inLanguage":"de-CH","@id":"https:\/\/portfolio-grelldenker.nachhaltig-sichtbar.ch\/#\/schema\/logo\/image\/","url":"https:\/\/www.grelldenker.ch\/grelldenker-stag\/wp-content\/uploads\/title.svg","contentUrl":"https:\/\/www.grelldenker.ch\/grelldenker-stag\/wp-content\/uploads\/title.svg","width":1,"height":1,"caption":"Grelldenker"},"image":{"@id":"https:\/\/portfolio-grelldenker.nachhaltig-sichtbar.ch\/#\/schema\/logo\/image\/"},"sameAs":["https:\/\/www.facebook.com\/grelldenker","https:\/\/www.instagram.com\/grelldenker\/","https:\/\/www.linkedin.com\/company\/grelldenker\/"]}]}},"_links":{"self":[{"href":"https:\/\/portfolio-grelldenker.nachhaltig-sichtbar.ch\/index.php?rest_route=\/wp\/v2\/pages\/1832","targetHints":{"allow":["GET"]}}],"collection":[{"href":"https:\/\/portfolio-grelldenker.nachhaltig-sichtbar.ch\/index.php?rest_route=\/wp\/v2\/pages"}],"about":[{"href":"https:\/\/portfolio-grelldenker.nachhaltig-sichtbar.ch\/index.php?rest_route=\/wp\/v2\/types\/page"}],"author":[{"embeddable":true,"href":"https:\/\/portfolio-grelldenker.nachhaltig-sichtbar.ch\/index.php?rest_route=\/wp\/v2\/users\/4"}],"replies":[{"embeddable":true,"href":"https:\/\/portfolio-grelldenker.nachhaltig-sichtbar.ch\/index.php?rest_route=%2Fwp%2Fv2%2Fcomments&post=1832"}],"version-history":[{"count":68,"href":"https:\/\/portfolio-grelldenker.nachhaltig-sichtbar.ch\/index.php?rest_route=\/wp\/v2\/pages\/1832\/revisions"}],"predecessor-version":[{"id":2285,"href":"https:\/\/portfolio-grelldenker.nachhaltig-sichtbar.ch\/index.php?rest_route=\/wp\/v2\/pages\/1832\/revisions\/2285"}],"wp:attachment":[{"href":"https:\/\/portfolio-grelldenker.nachhaltig-sichtbar.ch\/index.php?rest_route=%2Fwp%2Fv2%2Fmedia&parent=1832"}],"curies":[{"name":"wp","href":"https:\/\/api.w.org\/{rel}","templated":true}]}}